
True
Is 58 a factor of 83772985?
False
Is 32219685 a multiple of 15?
True
Is 38 a factor of 1322248?
True
Is 855313800 a multiple of 25?
True
Does 69 divide 4983732?
True
Does 209 divide 942373476?
True
Is 39239329 a multiple of 53?
False
Is 1126211891 a multiple of 2586?
False
Does 769 divide 94829009?
False
Is 6766930 a multiple of 3?
False
Does 6388 divide 272173516?
True
Is 1035973931 a multiple of 731?
True
Is 38 a factor of 43058446?
True
Does 155 divide 16926154?
False
Is 192 a factor of 233434140?
False
Is 256 a factor of 22320128?
True
Does 21 divide 1068883169?
False
Does 1906 divide 1048315248?
True
Does 6 divide 190974?
True
Is 210 a factor of 78861206?
False
Does 26 divide 16311740?
False
Is 321 a factor of 9373521?
True
Does 372 divide 2009172?
True
Does 3 divide 144970?
False
Is 127 a factor of 294332405?
False
Is 6175 a factor of 645081913?
False
Is 171362554 a multiple of 34?
False
Is 67273114 a multiple of 391?
True
Does 611 divide 627212885?
True
Does 3842 divide 111454424?
False
Is 1023877667 a multiple of 88?
False
Is 1114801506 a multiple of 63?
True
Is 99 a factor of 1496163512?
False
Is 246 a factor of 63673410?
True
Does 3035 divide 186048535?
True
Is 128 a factor of 44603106?
False
Does 257 divide 2405052004?
False
Does 14 divide 587181224?
True
Is 1413 a factor of 20947725?
True
Does 898 divide 21530375?
False
Does 6 divide 345150?
True
Is 34419135 a multiple of 43?
True
Is 29 a factor of 6008942?
False
Is 65 a factor of 9581960?
False
Is 149 a factor of 99725104?
True
Is 268 a factor of 28249464?
False
Does 2256 divide 210755520?
True
Is 4390330 a multiple of 10?
True
Is 34 a factor of 13576098?
True
Is 467905200 a multiple of 240?
True
Is 3206667 a multiple of 49?
False
Is 767 a factor of 226399992?
True
Is 1445 a factor of 217977731?
False
Is 1274 a factor of 1522242517?
False
Does 5815 divide 3556532871?
False
Does 398 divide 33875679?
False
Does 11 divide 8086485?
True
Is 336 a factor of 875378648?
False
Is 210 a factor of 6653850?
True
Is 794437655 a multiple of 295?
True
Is 224554112 a multiple of 64?
True
Is 33202988 a multiple of 20?
False
Is 2650002037 a multiple of 11?
False
Is 38 a factor of 281476726?
False
Is 3 a factor of 11614500?
True
Does 55 divide 770210155?
True
Is 509 a factor of 2439265430?
True
Is 18971680 a multiple of 578?
False
Is 287791920 a multiple of 17?
False
Is 2141153766 a multiple of 414?
True
Does 4 divide 15224325?
False
Does 4 divide 181762795?
False
Is 22822306 a multiple of 412?
False
Is 1648951328 a multiple of 76?
True
Is 1340 a factor of 166796500?
True
Is 7 a factor of 854146377?
True
Is 3778 a factor of 121205796?
True
Is 304843023 a multiple of 27?
False
Does 31 divide 29380052?
False
Does 12 divide 733908?
True
Is 6434 a factor of 270260170?
True
Is 2008 a factor of 359678984?
True
Is 20 a factor of 41464602?
False
Does 13 divide 189068295?
True
Is 78557990 a multiple of 14?
True
Is 514 a factor of 795355235?
False
Is 12 a factor of 661830720?
True
Is 71 a factor of 50472151?
False
Does 610 divide 479733588?
False
Is 26 a factor of 3804526050?
True
Is 24 a factor of 331832213?
False
Is 67996528 a multiple of 296?
True
Is 1361 a factor of 91421203?
False
Is 366189145 a multiple of 16?
False
Is 2258814 a multiple of 10?
False
Does 1105 divide 49516155?
True
Is 285 a factor of 143739750?
True
Is 1340474886 a multiple of 420?
False
Is 276117946 a multiple of 26?
True
Does 1113 divide 35892024?
True
Is 40 a factor of 161734104?
False
Is 779335277 a multiple of 13?
False
Is 20 a factor of 20188520?
True
Is 193077172 a multiple of 5625?
False
Is 70189980 a multiple of 14?
True
Does 8 divide 301244490?
False
Is 15891721 a multiple of 22?
False
Is 255088894 a multiple of 521?
True
Is 256 a factor of 90748207?
False
Does 394 divide 158820218?
True
Is 11 a factor of 223996359?
False
Is 2 a factor of 24426276?
True
Is 190691538 a multiple of 2?
True
Does 16 divide 4636000?
True
Does 491 divide 487864168?
False
Does 44 divide 1515838205?
False
Is 4 a factor of 34172952?
True
Does 155 divide 60349405?
True
Is 100811052 a multiple of 846?
True
Is 134967342 a multiple of 12704?
False
Does 21 divide 11250771?
True
Is 23427218 a multiple of 1061?
False
Is 643 a factor of 70062566?
True
Is 89189067 a multiple of 58?
False
Is 366324807 a multiple of 5?
False
Is 191 a factor of 607035733?
False
Does 52 divide 3262173779?
False
Is 10335289 a multiple of 61?
False
Is 133009022 a multiple of 258?
False
Does 31 divide 189328504?
False
Does 51 divide 29990765?
False
Is 501073065 a multiple of 22?
False
Does 43 divide 197456325?
False
Is 2169639 a multiple of 41?
False
Is 44 a factor of 1992892?
True
Is 231 a factor of 58928100?
True
Is 7 a factor of 135907091?
False
Is 3383 a factor of 95278812?
True
Is 106631398 a multiple of 314?
False
Is 173 a factor of 107859964?
True
Is 3 a factor of 139638210?
True
Is 555612190 a multiple of 34?
True
Is 77696227 a multiple of 301?
True
Is 307739490 a multiple of 3210?
True
Is 16 a factor of 44942717?
False
Is 257 a factor of 22968589?
False
Is 23 a factor of 619490970?
True
Does 713 divide 245744006?
True
Does 42 divide 2598448029?
False
Does 10 divide 95116420?
True
Is 4141 a factor of 725055972?
True
Is 376 a factor of 34527029?
False
Is 9854490 a multiple of 388?
False
Does 68 divide 124667986?
False
Does 35 divide 1935633875?
True
Is 7714404 a multiple of 421?
True
Does 132 divide 177963060?
True
Is 1023 a factor of 7395509?
False
Is 668201369 a multiple of 34?
False
Is 3898056 a multiple of 8?
True
Is 82 a factor of 12403062?
False
Does 120 divide 274504320?
True
Does 27 divide 1064124?
True
Is 6661381232 a multiple of 2609?
False
Does 4735 divide 25335217?
False
Does 68 divide 318689438?
False
Is 2381664396 a multiple of 7?
False
Does 284 divide 2004945996?
True
Does 2240 divide 5138463094?
False
Is 951 a factor of 13355352?
False
Does 197 divide 26269556?
True
Does 139 divide 100778312?
False
Is 3871 a factor of 32957567?
False
Is 44118585 a multiple of 1589?
True
Is 12 a factor of 14334456?
True
Does 69 divide 32292816?
False
Is 152268036 a multiple of 12?
True
Is 14134 a factor of 401099207?
False
Is 631288304 a multiple of 16?
True
Does 11 divide 50169889?
True
Does 18 divide 160552695?
False
Does 195 divide 209196?
False
Is 3934 a factor of 25676641?
False
Is 2475 a factor of 1460565162?
False
Does 290 divide 3545830?
True
Does 65 divide 36686449?
False
Is 243 a factor of 30857066?
False
Does 45 divide 292894758?
False
Is 682 a factor of 1309066946?
True
Does 34 divide 225494358?
True
Is 1044 a factor of 136672128?
True
Is 102 a factor of 2349365490?
True
Is 59150949 a multiple of 2249?
True
Is 114081688 a multiple of 158?
True
Is 5681569 a multiple of 116?
False
Is 1272427269 a multiple of 54?
False
Is 34 a factor of 21351218?
True
Is 1229 a factor of 41214650?
False
Is 1327335 a multiple of 321?
True
Is 156591605 a multiple of 397?
False
Is 13 a factor of 3210571?
True
Does 36 divide 1299918528?
True
Is 60983060 a multiple of 210?
False
Is 57713439 a multiple of 889?
False
Is 35 a factor of 10067046?
False
Is 327 a factor of 682921188?
True
Is 597 a factor of 11222991?
False
Does 236 divide 8787224?
True
Does 357 divide 5698406868?
True
Does 542 divide 1054203679?
False
Is 2455 a factor of 585414963?
False
Does 133 divide 35157087?
True
Is 16 a factor of 194023344?
True
Is 1602290496 a multiple of 164?
True
Does 158 divide 852304899?
False
Does 454 divide 3520650144?
True
Is 521011916 a multiple of 17?
False
Is 349049125 a multiple of 85?
False
Does 25 divide 191412525?
True
Does 58 divide 29055560?
False
Is 2 a factor of 628853510?
True
Is 13 a factor of 54359903?
True
Is 2926714 a multiple of 3?
False
Is 144 a factor of 5078862?
False
Does 11 divide 118090173?
False
Does 10 divide 25053700?
True
Is 47863806 a multiple of 54?
False
Does 8 divide 271935825?
False
Is 132923255 a multiple of 227?
True
Does 119 divide 102850257?
False
Does 4961 divide 644789229?
False
Is 6 a factor of 33988865?
False
Is 1095 a factor of 549368070?
True
Is 260 a factor of 22875436?
False
Is 5969880 a multiple of 230?
True
Does 1425 divide 2906084?
False
Is 87 a factor of 232538907?
True
Is 13 a factor of 8365582?
False
Is 47 a factor of 7515676?
True
Is 504001